r of r and 56?
7
Let x be 1/(2277/1137 - 2). Let d be (75/(-2))/(5/30). Let o = d + x. Calculate the highest common factor of o and 14.
14
Let b = -9 + 11. Suppose b*v - k - 22 = -4*k, -2*v = -k - 6. Suppose n + 3 - 13 = 0. What is the highest common factor of v and n?
5
Let g be -1 + 1 + 4 + 41. Suppose -5*n + 398 = m - 72, 4*n - 376 = -m. Let u be n/10 - (-2)/(-5). Calculate the highest common divisor of g and u.
9
Let x be 2/3 - (-3)/9. Let f be 98 - (x/1 + 1). Suppose -2*r - f = -6*r. Calculate the highest common divisor of r and 6.
6
Suppose 0 = 2*d - 5*p - 644, -644 = -2*d - 5*p + p. Let s = d + -214. Let a be 6/15 - (-58)/5. Calculate the greatest common factor of s and a.
12
Suppose 7*b - 2*b - p - 41 = 0, -2*b - p = -22. Calculate the greatest common factor of b and 45.
9
Let m be 8/48 - 11/(-6). Suppose s - 2 - 12 = -l, m*l = -3*s + 30. Calculate the greatest common divisor of l and 48.
12
Suppose -4*d - 24 = 2*h, -3*h + 5*d - 22 = 36. Let a be (-66)/(-8)*h/(-6). Let i be (-1)/4 - (-108)/48. What is the greatest common divisor of i and a?
2
Suppose -5*z = -198 - 87. Let v = -13 + z. Suppose -8 + v = 4*q. Calculate the highest common divisor of 27 and q.
9
Let g be ((-6)/(-2))/(12/(-32)). Let f = g + 19. What is the highest common factor of f and 121?
11
Suppose 2*c + 56 = 4*z - 62, -2*z + 2*c = -58. Suppose 6*a = 3*a + 30. What is the highest common factor of z and a?
10
Let y(i) = i**2 - 3*i + 1. Suppose 4*g + t - 28 = 0, -2*g - 3*t = 2*g - 36. Let h be y(g). Let v = 30 - h. Calculate the highest common factor of 99 and v.
11
Let y = -8 + 15. Let c(k) = 20*k + 3. Let s be c(y). Suppose -5*z + s = -7. Calculate the greatest common factor of z and 10.
10
Suppose 0 = -z + 4*z. Suppose -5*m + m - 7 = 5*d, z = 3*m - 2*d - 12. Suppose -m*u + 11 = -u. What is the highest common divisor of u and 11?
11
Suppose y + 67 = 5*y + u, -5*y = -u - 77. What is the greatest common divisor of 8 and y?
8
Suppose s - 46 + 200 = 0. Let h be s/(-1*(-2)/(-1)). Suppose -3*z + 22 + 11 = 0. What is the greatest common factor of h and z?
11
Suppose 0 = 4*p - 999 + 79. What is the highest common factor of p and 46?
46
Suppose 6 = 4*y + 3*k, -y + 2*k = -0*y + 4. Let q(o) = 2*o + 16. Let n be q(y). Calculate the highest common factor of 144 and n.
16
Let j(c) = -c**3 + 4*c**2 + c. Let w(f) = f**3 - 5*f**2 + 3. Let v be w(5). Let z be j(v). Let d = -1 + z. Calculate the highest common divisor of 44 and d.
11
Suppose 0*i - 3*c = -i + 102, 3*i - 326 = -c. Suppose -2*b + i = b. Calculate the greatest common divisor of b and 24.
12
Suppose 103 + 482 = 9*l. Calculate the highest common divisor of 5 and l.
5
Let m(n) = -n**2 + n. Let b(x) = -24*x**3 + 6*x**2 - 2*x + 2. Let a(i) = b(i) + 5*m(i). Let j be a(-1). Calculate the highest common divisor of 48 and j.
24
Let n = -6 - -8. Suppose b - 12 = -n*b, 0 = 4*t + 5*b - 92. What is the greatest common factor of t and 2?
2
Suppose -4*d + 168 = -2*d. Calculate the highest common divisor of 12 and d.
12
Let a be (1*-2)/(2/(-7)). Let z be 441/4 - a/28. What is the greatest common factor of z and 10?
10
Suppose -10*a = -98 - 142. Calculate the highest common factor of a and 60.
12
Let h(i) = 2*i**2 - 2*i - 4. Let y(v) = -v**2 - 7*v - 9. Let m be y(-6). Let u be h(m). What is the greatest common factor of 4 and u?
4
Let s(v) = 2*v**2 - 7*v - 8. Let l be s(6). Calculate the highest common divisor of 88 and l.
22
Let r(s) = -s**3 + 4*s**2 + 3*s + 2. Let f be r(4). Let y = -2 + f. What is the greatest common factor of 24 and y?
12
Suppose -2*y = -2*f - f - 6, -5*y = 0. Let a(k) = 1 - 1 - 1 + 3 - 8*k. Let z be a(f). What is the highest common factor of z and 90?
18
Let v(u) = 7*u**2 + 4*u - 3. Let y be v(1). What is the greatest common factor of 72 and y?
8
Suppose -3*f + 377 + 1 = 0. Calculate the greatest common divisor of 14 and f.
14
Suppose l - 20 = -h, 0 = 2*l + 5*h + 24 - 79. Let m be -1*(1 - 0)*-45. What is the greatest common factor of l and m?
15
Let i be 2/(-4)*-1*6. Suppose m - 5*m = 2*f - 30, -4*f - i*m = -60. What is the highest common factor of 10 and f?
5
Let f = -332 + 492. What is the highest common divisor of 64 and f?
32
Suppose -9*a + 5*a = -20, 0 = -3*y - 2*a + 22. Suppose 0 = -4*s + n + 4*n + 27, 0 = -3*s + 4*n + 20. What is the highest common divisor of s and y?
4
Let k be (0 + -12)*(-7 + 6). Suppose z + z + 4*j - 276 = 0, k = 4*j. Calculate the greatest common divisor of z and 12.
12
Let j = 65 + -112. Let g = j - -69. Calculate the highest common divisor of g and 11.
11
Let f(o) be the third derivative of o**6/120 + o**5/10 - o**4/12 + 7*o**3/6 + 3*o**2. Let k be f(-6). What is the greatest common divisor of 95 and k?
19
Let n = -70 - -169. What is the greatest common factor of 11 and n?
11
Suppose -5*q = 3*n - 0*q + 39, 0 = -4*n - q - 35. Let z = n + 16. What is the greatest common divisor of z and 64?
8
Let w be ((-16)/5)/((-1)/25). Let x(m) be the third derivative of m**4/12 - 5*m**3/3 - 3*m**2. Let h be x(10). What is the highest common divisor of w and h?
10
Let d be (-2 - 1/2)*-4. Let q be (3/(-2))/((-5)/d). Calculate the highest common divisor of q and 3.
3
Suppose 9 - 109 = -5*k. Suppose -2*s + 4*w + 6 = 18, s + 21 = 5*w. Calculate the greatest common factor of s and k.
4
Suppose -3*b - j - 31 = 2, -5*b - 4*j = 48. Let o = 6 - b. Calculate the greatest common factor of 6 and o.
6
Let a = 154 - 109. Calculate the highest common divisor of 18 and a.
9
Let d = -20 + 25. Suppose -2*m = d*n - 137, n - 29 = -0*n - 2*m. What is the greatest common divisor of 3 and n?
3
Let y = 6 + -1. What is the highest common factor of y and 10?
5
Let m(l) = 6*l + 0*l - 4 - 4*l. Let v be m(4). Suppose 19 = -3*u + 127. What is the highest common divisor of u and v?
4
Suppose -2*v + 195 = -u, 0*v - v + 90 = 2*u. What is the greatest common factor of v and 12?
12
Let x = 8 - 6. Let u(t) = t. Let l(g) = 6*g + 2. Let j(z) = l(z) - 4*u(z). Let i be j(6). What is the greatest common factor of i and x?
2
Let z be 34 - (-6)/(6/5). Calculate the highest common factor of 65 and z.
13
Let d = 8 - 4. Suppose -j + 5*k + 20 = d*j, 0 = -4*j - 3*k - 12. Suppose 0*v - 3*v + 150 = j. What is the highest common divisor of v and 10?
10
Let q be 9 - 0*(-3)/6. What is the highest common divisor of 1 and q?
1
Suppose 75 = c + 15. Suppose -2*u = 3*u + 2*s - 110, 5*s - 85 = -3*u. What is the greatest common factor of u and c?
20
Let b = 70 + 34. Let h(z) = -3*z**2 - 2 + 7*z - 4*z**3 + 5*z**3 - 2*z**3. Let d be h(-5). What is the highest common divisor of b and d?
13
Let f be (-1)/1 - (-4 - -2). Suppose 0 = -0*t - t + f. Let m(o) = -o**2 - 6*o + 4. Let v be m(-6). What is the highest common divisor of t and v?
1
Let k be 9*(0/(-2) - -19). Suppose k = -3*f + 4*f. Suppose -7*s + 19 = -6*s. Calculate the greatest common divisor of f and s.
19
Let z(t) = 71*t**2 - 2*t + 1. Let i be z(1). Let c(a) = -a**2 + 8*a + 10. Let w be c(8). Calculate the highest common divisor of w and i.
10
Let y = -33 + 85. What is the greatest common factor of 13 and y?
13
Suppose -c + 7 = 3*o, -3*c - 4*o + 21 = -0*c. Let r(u) = 2*u - 2. Let f be r(4). Let q = c - f. Calculate the highest common factor of q and 5.
1
Let n(v) = 2*v - 6. Let y be n(11). Let q be ((-2)/(-1))/(-2) - -33. Calculate the highest common divisor of q and y.
16
Let m = -10 + 28. What is the highest common factor of m and 72?
18
Let i = -230 - -347. What is the highest common divisor of i and 13?
13
Let i = -8 + 27. Suppose -5*f - 568 = -4*u - 0*f, -u + 143 = -f. Let p = u - -62. What is the greatest common divisor of p and i?
19
Suppose -2 = -2*g + 2. Let o(y) = y**3 - 2*y**2 - 3*y + 2. Let i be o(4). What is the highest common factor of g and i?
2
Suppose -93 = -n - 82. What is the greatest common divisor of n and 99?
11
Let b(k) = k**3 - k**2 - k - 3968. Let h be b(0). Let o be h/(-36) + 4/(-18). Calculate the greatest common factor of 10 and o.
10
Let l be ((-21)/(-6) + -3)*10. Let z be 3*(-1)/((-3)/l). Suppose z*m + 0 - 10 = 0. What is the greatest common factor of m and 5?
1
Suppose -84 = -2*v - 2*v. Suppose -6*z - 105 = -11*z. What is the greatest common divisor of z and v?
21
Let o be (24/4)/((-4)/(-6)). Let u(d) = d**2 - 4*d - 3. Let v be u(o). What is the highest common divisor of v and 